t w(k) = 2 - 3 - a - k. Calculate w(u).
-3
Let p(i) = 2*i**3 + 4*i + 5*i + 0*i - 8*i. Calculate p(1).
3
Let q(v) = 3. Let m(c) be the third derivative of c**4/24 + c**3/2 - 4*c**2. Let t(x) = 4*m(x) - 5*q(x). What is t(3)?
9
Let g(i) = 7*i - 6*i - 3 - 1 + 1. Calculate g(-4).
-7
Let g(f) = -f**2 - 5*f - 1. Let n(d) = -d**3 - 6*d**2 - 4*d - 4. Let j be n(-6). Suppose -5*y - j = 10. Give g(y).
-7
Let x(p) be the second derivative of -p**3/3 + 3*p**2 - 10*p. Calculate x(6).
-6
Let d(q) = -6*q**2 - 19*q + 1. Let i(x) = x**2 + 4*x. Let v(r) = -2*d(r) - 11*i(r). Let l(n) = -n**2 - 7*n + 5. Let g be l(-7). Give v(g).
-7
Let u be ((-12)/(-20))/((-2)/(-10)). Let j(o) = 3*o**3 + 1 - 6*o**2 + o**u - 6*o**3 + 3*o**3. Calculate j(6).
1
Let i = -6 + 4. Let x(b) = -5*b**2 + 3*b - 1. Let k(t) = -4*t**2 + 3*t. Let u(h) = 4*k(h) - 3*x(h). Give u(i).
-7
Let l(v) = -v**3 + 9*v**2 - 2*v + 13. Let b = -52 - -61. Calculate l(b).
-5
Let q(n) = -5*n**3 - 9*n**2 + 4*n - 2. Let z(x) = -x**3 - x**2 + 2*x + 1. Let l(t) = -q(t) + 4*z(t). What is l(-4)?
6
Suppose 2*r + 5 = 7*r + 2*y, 5*y = 0. Let o(q) = 4*q**3 - q**2 + 6*q - 5. Let u(a) = -3*a**3 + a**2 - 7*a + 6. Let z(v) = -6*o(v) - 5*u(v). Calculate z(r).
-9
Let f(h) = 8*h**3 + h**2 + h. Let d(y) = y**3 + 7*y**2 + 2*y + 13. Let r be d(-7). Determine f(r).
-8
Suppose -5*m = -20, -3*h - m + 9 = 2*h. Let u(s) = h - 2*s + 1 + 2 - 3. What is u(-1)?
3
Let q(i) = -i**3 + i**2 - 4. Let s be 3/12 + 1/(-4). Let v be q(s). Let k(m) = m**2 + 5*m. Give k(v).
-4
Suppose 0 = -j - 0*j. Let b(k) = -5*k**2 - k**3 + j*k**2 + 3 + 0*k**2. Let i = 11 - 16. Give b(i).
3
Let q(h) = h**2 + 2*h + 3. Let a be q(-2). Let n(u) = 3*u**2 - u**2 + a - 5 + 1. Determine n(2).
7
Let f be (-1)/((5/(-5))/(-1)). Let h(m) = 3*m + 1. Give h(f).
-2
Let s = 28 - 25. Let j(v) = v**2. Determine j(s).
9
Let f(s) = -s**3 - 5*s**2 + s + 1. Suppose -2*m = -m. Suppose m = 2*b + 2*h + 2, -b + 26 = -3*b + 4*h. Give f(b).
-4
Suppose 0 = -4*u - 4*p + 5*p + 12, 5*u - 2*p - 18 = 0. Let j(f) = -3*f**3 + 3*f**2 - f + 1. What is j(u)?
-13
Let c(f) be the third derivative of -5/24*f**4 + 0 - 1/6*f**3 + 4*f**2 + 0*f. What is c(-1)?
4
Let f(d) = d**3 + 5*d**2 + 2*d + 2. Let o = -5 + 5. Suppose -2*a + 48 = -o*a. Suppose -4*p - 5*u - a = -u, 3*u + 3 = 0. Calculate f(p).
-8
Let u(h) = h**3 + h**2 + 3*h + 4. Let t be u(-2). Let n(f) be the first derivative of f**2/2 + 6*f - 1. What is n(t)?
0
Let j(c) = 15*c**3 + 13*c**2 + c + 10. Let y(v) = 0 + 5 + 10*v**3 + 6 + 9*v**2 + v - 4. Let w(o) = -5*j(o) + 7*y(o). What is w(1)?
-6
Let y(q) = -q - 12. Suppose 0 = o + 2 - 6. Let b = -4 + o. Calculate y(b).
-12
Let a(i) = 4*i + 1. Let u(c) = c + 7. Let b be u(0). Let z be (-12)/(3 - b) + 0. What is a(z)?
13
Let q = 9 - 5. Suppose 0*c + q = -2*c. Let i(m) = -2*m**2 - m - 2. What is i(c)?
-8
Let x(i) = 2*i + 1. Suppose -3*l - 3*y = -9, -l - 5*y - 9 = -4. Suppose -2*g = -5*j + g + 42, -l*g = 4*j - 4. Determine x(j).
13
Let k(w) = w**2 - w - 1. Let h be k(-2). Suppose -4*t = h*i + 15, 0 = i - 5*i - 5*t - 21. Let b be (i*-3)/(12/8). Let n(p) = p**3 + p**2 + p - 2. What is n(b)?
-8
Let q = -215 + 431/2. Let m(u) be the second derivative of q*u**2 - 1/3*u**4 - 3*u + 1/3*u**3 + 0. What is m(-1)?
-5
Let v(m) = -3*m + 5. Let k(c) = -2*c + 4. Let t(o) = -6*k(o) + 5*v(o). Calculate t(-3).
10
Let i be (-1 - 7)*(-2)/4. Suppose -2 = -3*v + 4*f, 2*v + 14 = 7*v + 4*f. Let o(q) = -v - 5*q + 2*q**2 - 2*q + i*q. Give o(3).
7
Let h(m) = -m. Let r be (1 + 1)*(-7)/2. Calculate h(r).
7
Let f(r) = -2*r + 3. Let t(p) = p**2 - 19*p + 20. Let s be t(18). What is f(s)?
-1
Suppose -i - 5*b = 4*i - 10, 3*i + 5*b - 10 = 0. Let t(c) = c**3 + c**2 - 3. What is t(i)?
-3
Let u(f) = f + 4. Let v be u(-4). Suppose v = -5*x + 15, 2*x + 4 = -5*y - 0*x. Let o(h) = 5 + 3*h**2 + 2*h - h**2 - 2. What is o(y)?
7
Suppose -5*u - 2*g - 16 = -1, u + 20 = 3*g. Let d(o) = -6*o + 2*o + 5*o**2 - 6*o**2 + 7. What is d(u)?
2
Suppose 9*h = 11*h + 8. Let b(w) = -w**3 - 5*w**2 - 3*w + 4. Give b(h).
0
Let k(u) be the second derivative of -u**4/24 - 2*u**3/3 - u**2/2 - 3*u. Let f(r) be the first derivative of k(r). What is f(-4)?
0
Let b(o) = o**2 + o - 1. Let r be b(-2). Let p be ((-1)/2 + r)*8. Let j(q) = -q**3 + 6*q**2 - 5*q - 4. Give j(p).
8
Let o(y) be the first derivative of y**4/4 - 2*y**3/3 - 5*y**2/2 + 4*y + 3. Give o(3).
-2
Suppose 4*s = 22 - 6. Let k(j) be the second derivative of 1/3*j**3 + 2*j + 1/20*j**5 - 1/3*j**4 - 1/2*j**2 + 0. Determine k(s).
7
Let d(x) = 2*x**2 + 5*x + 4. Let f = -5 - -9. Let g be 2 + 2 + -3 - f. Give d(g).
7
Let j(b) be the first derivative of b**2/2 + 6*b - 1. Suppose -f + 4 + 1 = 0. Calculate j(f).
11
Let l be (-13)/(-4) - 7/28. Let r(o) = -45*o**2 - 5*o + 3 + 0*o + o**3 + 42*o**2. Calculate r(l).
-12
Let f(r) = r**3 + 5*r**2 - 2*r - 6. Let q(s) = -s - 3. Let a be q(-5). Suppose 0 = 2*i, -9 = -a*z - z + 4*i. Suppose -4 - 11 = z*j. Determine f(j).
4
Suppose -3*l = 4*v - 39, -5*v - 5*l = -22 - 33. Let b be (8 - 2)*2/6. Let j be (-45)/v*b/(-3). Let d(p) = -p + 7. Calculate d(j).
2
Let h be (-8)/(-5) + (-4)/(-10). Suppose -o - 4 = -3*o. Let v(k) = -k - k**2 + 5*k**o - k + 2 - 2*k**2. Determine v(h).
6
Suppose 2*o - 6 = -o. Suppose o = -0*y + y. Let g(s) be the second derivative of s**5/20 - s**4/6 + 2*s**3/3 - s**2 - 8*s. Give g(y).
6
Suppose 32 = 2*o + 8. Let q(k) = -4*k**2 + o*k**2 - k - 2*k**2. What is q(-1)?
7
Let k(t) = 11*t + 224 - 3*t - 224. What is k(-1)?
-8
Let k(u) = -u - 1. Let i(p) = 12*p**3 - 6*p - 5. Let n(y) = i(y) - 5*k(y). Determine n(-1).
-11
Let n be (8/(-5))/((-112)/20 + 6). Let r(m) = -3*m - 6. Determine r(n).
6
Let k(v) = -v + v**2 + 1 - 7*v - 7. Give k(7).
-13
Let s = 8 - 13. Let q(n) be the second derivative of -1/2*n**4 + 0 - 7/6*n**3 - 2*n - 1/20*n**5 - 5/2*n**2. Calculate q(s).
5
Let x(k) = -k**3 + 4*k**2 + 3. Let u be x(4). Let n be u/15 + 4/5. Let z(s) = -7*s**3 + s**2. Give z(n).
-6
Let n(d) = d**3 - d**2 + d - 1. Let t(g) = -4*g**3 + 5*g**2 - 9*g + 4. Let u(p) = 5*n(p) + t(p). Determine u(3).
14
Let s(u) be the first derivative of u**4/4 + 4*u**3/3 - 5*u**2/2 + u + 1. Give s(-5).
1
Suppose 3 - 15 = -3*d. Suppose 0 = y - d*o - 13, 3*y = 5*o + 19 - 8. Let x(n) = -n + 3. What is x(y)?
6
Let i(g) = g + 10. Let p be i(-6). Let r(j) = 2*j**3 - 23*j**2 - j + 5. Let l(s) = s**3 - 11*s**2 + 2. Let y(n) = 13*l(n) - 6*r(n). Give y(p).
4
Let y(c) = 5*c - 2. Let b(n) = 11*n - 4. Let q(f) = -4*b(f) + 9*y(f). Give q(-4).
-6
Suppose p = 3*p - 2. Let i(g) = -p + g**2 - 2*g + 2*g + 3*g**2. What is i(1)?
3
Let j(u) be the third derivative of -u**9/60480 - u**7/5040 + u**6/360 - u**5/60 + u**2. Let h(g) be the third derivative of j(g). Give h(2).
-8
Suppose -w - 4*w = -80. Let l be 1/4 + 60/w. Let r(k) = -k + 1. Let f(d) = d - 1. Let z(n) = -3*f(n) - 4*r(n). Determine z(l).
3
Let s(q) = q**2 - 3*q - 5. Suppose -2*f + 7 = -0*f - 5*n, -4*n = f - 23. Let d be 1 + -1 - 15/(6/(-2)). Suppose -f = d*b - 31. Give s(b).
-1
Suppose 0 = p + 3*z + 3, -p = -5*z - 13. Let f be ((-1)/p)/(-1)*3. Let m(d) be the second derivative of 3*d**5/20 - d**3/6 + d. Calculate m(f).
2
Let x(w) = w**2 - w - 7. Let b be x(3). Let m(p) = 4*p**2 + 1. Determine m(b).
5
Suppose 0 = -t - 0 + 2. Let w(h) = 3 - 5*h + t*h + 4*h. Determine w(0).
3
Let c = 60 + -55. Let l(x) = 2*x - 6. Calculate l(c).
4
Let r be ((-33)/(-22))/((-3)/4). Let n(m) = 3*m**2 + 4*m + 3. Calculate n(r).
7
Let n(h) be the second derivative of h**4/12 - 5*h**3/6 + h**2/2 + 6*h. Determine n(5).
1
Let c be (7 - 0)*(0 + -1). Let w(f) = -f**2 - 7*f + 4. Determine w(c).
4
Let f(j) = -j + 4. Let m be 2/3 - 37/(-3). Let a = m + -7. Let g be f(a). Let p(s) = -s**3 - s**2 - 2. What is p(g)?
2
Let r = -2 - -5. Let t(x) = 2*x + x**2 + x**2 - 3*x**3 + 2*x**r - 3. Let o be ((-36)/(-30))/(4/10). Give t(o).
-6
Let o(a) = -a**3 + 2*a**2 - 4*a. Let y(c) be the third derivative of -c**6/120 - c**3/6 + 4*c**2. Let m(v) = o(v) - 2*y(v). Calculate m(2).
10
Suppose -4*f + 3*d + 26 = f, -3*f - 5*d + 36 = 0. Let v(m) = 2*m + f*m - 5*m. Give v(-1).
-4
Let i = 31 + -32. Let p(g) = -3*g**3 + 1. What is p(i)?
4
Let c(f) = f - 8. Let a = 1 - 3. Let k be (a + (-2)/(-1))/(-1). Calculate c(k).
-8
Let s(w) be the second derivative of w**4/24 - w**3/3 + 3*w**2/2 + w. Let c(z) be the first derivative of